Let g = q + 4. Calculate the remainder when g is divided by 3.
2
Suppose -2*x + 2*l + 194 = 0, -2*l - 3 = 7. Suppose -3*b = b - x. Calculate the remainder when b is divided by 8.
7
Let p be 94/(-4) + (-1)/2. Let u = 39 + p. Calculate the remainder when 43 is divided by u.
13
Let z(l) = -4*l**3 + 4*l**2 + 4*l + 4. Let q be z(-3). Let r be q/(-10) - (-6)/(-15). Let i = 30 + r. Calculate the remainder when i is divided by 6.
4
Suppose -80 = -3*i - 17. Calculate the remainder when 60 is divided by i.
18
Let s = -571 - -825. Calculate the remainder when 74 is divided by 4/(-10) + s/10.
24
Let v(a) = -19*a**3 - a**2 - 4*a + 3. Let k be v(2). Let p = -94 - k. What is the remainder when p is divided by 35?
32
Let k = -24 + 36. Suppose y + 4*z + k = -y, 2*y - 3*z = 16. What is the remainder when 25 is divided by 17 - (1 + 1) - y?
12
Suppose 0 = 3*c - c. Suppose 4*u - 2 - 114 = c. Calculate the remainder when u is divided by 8.
5
Let h(w) be the third derivative of w**5/60 - 17*w**4/24 + 3*w**3/2 - 3*w**2. What is the remainder when 33 is divided by h(17)?
6
Suppose y = 5*m - 125, -y - 38 = -3*m + 35. Suppose 3*l - 25 = z, 0 = 2*l + 2*l + z - 24. What is the remainder when m is divided by l?
5
Let g = -25 + 27. Suppose 0*u - 3*u + 18 = 0. Suppose g*r + u = 5*r. What is the remainder when r is divided by 1?
0
Suppose 2*n - y - 10 = n, 51 = 5*n - 4*y. Let m be 25 - -3 - 1*3. Suppose -2*u + 35 = -m. Calculate the remainder when u is divided by n.
8
Suppose a + 10 = 4*l, 0*a + 4*a = -l + 11. Suppose 0 = -4*m - 5 - 11. Let o(c) = c**2 + 2*c - 1. Calculate the remainder when o(m) is divided by l.
1
Suppose 2*u = -5*m + 101, -4*u + 76 = 2*m + 2*m. Let a = m - -5. What is the remainder when a - 0*(-3)/(-3) is divided by 14?
12
Suppose 2*n = 5*h + 31, h + 1 = -4. Let u = 6 + -4. Suppose u*j + 2*j - 20 = 0. Calculate the remainder when j is divided by n.
2
Let m(h) = h**3 - 3*h**2 + h + 3. Let c be m(3). What is the remainder when 30/c*28/10 is divided by 5?
4
Let y = 135 + -74. Calculate the remainder when y is divided by 35.
26
Suppose 0 = -2*t - 2*t. Let g = 51 - t. Let z = g + -33. What is the remainder when 52 is divided by z?
16
Let d = -15 + 39. What is the remainder when 52 is divided by (-1)/4 + 438/d?
16
Let q(v) = -6*v - 6. Let y be q(-3). What is the remainder when y - 8 - -11*5 is divided by 15?
14
Suppose -4*t = -2*v - 2*v + 104, -2*v = -t - 51. Suppose 2*r + 58 = 4*a, -a - 3*r = r - 1. Calculate the remainder when v is divided by a.
12
Let u = -5 + 10. Suppose x - u*r - 26 = 0, 4*x - 12 = 2*r + 20. What is the remainder when x is divided by 3?
0
Suppose -4*p + 33 + 43 = 0. What is the remainder when p is divided by 7?
5
Suppose 35*d + 45 = 38*d. Calculate the remainder when 148 is divided by d.
13
Let l(t) = t**3 - t**2 + 2*t + 5. What is the remainder when l(3) is divided by ((-3 - -1) + -13)*-1?
14
Suppose -6*j + j + 35 = 0. Let p = -362 + 14. Calculate the remainder when p/(-18) - 2/6 is divided by j.
5
Suppose p = -0*p + 37. Calculate the remainder when p is divided by 13.
11
Let v = 5 + 9. Let x = 1 - -7. What is the remainder when v is divided by x?
6
Let a = -15 + 26. Let w = 15 + a. Suppose 3*k - 23 = 2*m + 8, 0 = 5*k + 2*m - 41. Calculate the remainder when w is divided by k.
8
Suppose -3*b + 3*y = -4*b + 19, 3 = -3*b + 3*y. Suppose -2*t - b*n + 44 = 0, -2*n + 62 = 4*t - 7*n. Calculate the remainder when t is divided by 11.
7
Let j(p) = p**3 + 14*p**2 - 4*p - 38. What is the remainder when 2/6 + 412/6 is divided by j(-14)?
15
What is the remainder when 20 is divided by 2*(30/4 + -4)?
6
Let k(i) = 5*i**2 + 2*i**2 - 1 - 2 + 2 + i. What is the remainder when 17 is divided by k(-1)?
2
Let y(n) be the second derivative of n**3/6 - 2*n**2 - 3*n. Calculate the remainder when 26 is divided by y(11).
5
Let z(t) = 7*t**2 - 2*t - 3. What is the remainder when z(-2) is divided by 15?
14
Suppose -3*b = -4*y + 193, -52 = -y + 6*b - 4*b. What is the remainder when y is divided by 8?
6
Let l be ((-2 - -1) + -3)*2. Let v = 3 - l. Calculate the remainder when 32 is divided by v.
10
Let x(i) = -i**3 - 9*i**2 + 8*i - 14. Calculate the remainder when x(-10) is divided by 6.
0
Suppose -35 = -s - 5. Calculate the remainder when 59 is divided by s.
29
What is the remainder when (-172)/6*45/(-10) is divided by 33?
30
Suppose 5*n - k - 126 = 24, -2*k = -4*n + 114. Suppose w = -4*r - 5, -2*w - w = -4*r + n. What is the remainder when 3*((-69)/w - 2) is divided by 9?
8
Let g(q) = q**3 + q**2 - 7*q + 1. Let o be g(-5). Let j = -42 - o. Calculate the remainder when 43 is divided by j.
21
Suppose 242 = -3*b + 59. Let f = 16 - b. Suppose 17 - f = -2*z. What is the remainder when z is divided by 16?
14
Let z(i) = i**2 - i - 5. Let q(x) = 7 - x + 0*x + 2 + 4. What is the remainder when z(5) is divided by q(5)?
7
Let r be (-21)/7 - (-8)/(-1). Let q = r + 16. What is the remainder when 19 is divided by q?
4
Suppose -a = 3*s + 3*a - 49, -4*s + 66 = 5*a. Suppose 7*x + 9 = 4*x, -159 = -3*c - 2*x. Calculate the remainder when c is divided by s.
17
Let n be 2/(-1 + (-10)/(-6)). Suppose 0 = -l - n*l - 2*d - 12, -4*l - 12 = d. What is the remainder when 11 is divided by -1 - l/3*5?
3
Let l be 3/(-12) + 199/(-4). Calculate the remainder when (96/40)/((-4)/l) is divided by 8.
6
Let k = 126 - 87. Calculate the remainder when k is divided by 14.
11
Calculate the remainder when 4/(-96)*4 - 139/(-6) is divided by 8.
7
Let m(p) = 2*p**2 + 2*p. Let x be (-6 - 1)/(0 - -1). Let w = 14 + x. What is the remainder when w is divided by m(-2)?
3
Suppose -6 + 71 = 5*z. Let k(n) = n**3 - n**2 - n - 126. Let p be k(0). What is the remainder when z is divided by (-4)/6*p/12?
6
Suppose 3*u - 130 = -55. Calculate the remainder when u is divided by 13.
12
Suppose 0 = -n + 3*n - 3*q + 59, -5*n = q + 190. Let w = -21 - n. Calculate the remainder when 46 is divided by w.
14
Let n = 10 - 7. Let t = 3 - n. Calculate the remainder when 36 + 1*-2 + t is divided by 12.
10
Suppose 4*c = 4*b + 132, -3*c + 101 = -5*b + b. What is the remainder when c is divided by (1/2)/(4/88)?
9
Suppose 0 = 4*f - 0*f - 100. What is the remainder when 47 is divided by f?
22
Suppose 5*a = -w + 239 - 36, 4*w = -2*a + 92. Calculate the remainder when a is divided by 14.
12
Let y(h) = h - 6. Let x be y(8). Let k = -2 + x. Suppose k = 4*t - 0*t - 44. Calculate the remainder when 31 is divided by t.
9
Suppose -2*g + 170 + 44 = 0. What is the remainder when g is divided by 22?
19
Let h = 8 + 14. Calculate the remainder when h is divided by 8.
6
Let m(n) = -n**3 + 5*n**2 + 2*n - 6. Suppose 9*o = 4*o + 3*j + 365, j - 135 = -2*o. What is the remainder when o is divided by m(4)?
16
Suppose -2*o + 7*o = 0. Suppose 2 = m - o. Calculate the remainder when m is divided by 2.
0
Let r = 144 - 98. Suppose -4*o = -3*p - 2*p + 55, -5*o = -3*p + r. Calculate the remainder when p is divided by (-1)/3 + 26/6.
3
Let n = 54 + -90. Let f be n/30*(1 - 11). What is the remainder when 35 is divided by (-1)/(-3) - (-104)/f?
8
Suppose 2*d - 13*d + 88 = 0. Let n(y) = y**3 - 4*y**2 - 3. What is the remainder when n(5) is divided by d?
6
Suppose -2*c + 8 = -0*c. Let h be c/8 - 51/(-2). Suppose -h = -5*i - l, i - 4*l = l. What is the remainder when 8 is divided by i?
3
Calculate the remainder when 40/(-60) - ((-251)/3 + 0) is divided by 14.
13
Suppose -3*j + 3*a + 16 = 1, -5*j - 3*a + 17 = 0. What is the remainder when 15 is divided by j?
3
Let w(l) = -2*l**2 + 15*l + 16. What is the remainder when w(7) is divided by 12?
11
Let d(j) = 8*j**3 - 2*j**2 - 2*j + 2. Calculate the remainder when d(2) is divided by 14.
12
Let t(n) = n**2 + 2*n - 1. Let b be t(2). Let o = b - 4. Let w = 6 - o. Calculate the remainder when 5 is divided by w.
2
Suppose 2*f = 116 - 68. Calculate the remainder when 38 is divided by f.
14
Let c(x) = -2*x**2 - 8*x - 6. Let j be c(-6). Calculate the remainder when (40/(-25))/(2/j) is divided by 9.
6
Let n = 43 - 16. What is the remainder when n is divided by 17?
10
Let m = -22 + 32. Let t = m + -5. What is the remainder when 8 is divided by t?
3
Let h = -20 + 49. Let l(o) = -3*o - 5. What is the remainder when h is divided by l(-5)?
9
What is the remainder when 219 is divided by (-306)/(-8) + 20/(-16)?
34
Let k = -17 - -47. What is the remai